e greatest common divisor of p and u?
21
Let q(x) = 2*x**2 + x + 44. Let s be q(6). Calculate the greatest common divisor of s and 183.
61
Let z(l) = -l**2 + 22*l + 30. Let a be z(17). Suppose -20*n + 815 = a. Calculate the highest common divisor of 175 and n.
35
Let l = -41 - -121. Let c be (0 + -24)/((-21)/56). Suppose -c = -x - 3*x. Calculate the highest common divisor of l and x.
16
Let r be 0*(-2)/4 + 2. Let u = r + -28. Let t be (-5)/(-10) - u/4. Calculate the greatest common factor of 56 and t.
7
Let u be 33 + ((-16)/24)/((-4)/(-18)). Calculate the greatest common factor of u and 75.
15
Let s be 1 + 53 + -1 + 3. Let c = -186 - -194. What is the greatest common factor of c and s?
8
Let h be 4/12 - (-2 - (-34)/3). Let g be h*((-24)/(-18) + -4). Calculate the greatest common divisor of 8 and g.
8
Suppose 9*g = 4*h + 4*g - 88, 5*g = -2*h + 74. Suppose -2*t = 13 - h. Calculate the highest common divisor of t and 14.
7
Let q = -1096 + 1113. What is the highest common factor of 5 and q?
1
Suppose 0 = 3*l + 4*y - 21, -7*l - y = -3*l - 15. Suppose -4*z - 930 = -5*u, 2*u = 4*u - l*z - 365. What is the greatest common divisor of u and 38?
38
Let l(o) be the first derivative of 3*o**3 + 5*o**2/2 + 4*o + 38. Let h be l(-2). Calculate the greatest common factor of h and 10.
10
Let u be 3*14/(-315) + (-6081)/(-45). Suppose 2*j + 77 = 3*z - 2*j, 0 = -5*z - j + 136. Calculate the highest common divisor of z and u.
27
Let t be 5 + 15 - (-1 + 1). Let j(u) = u + 11. Let a be j(-7). Suppose 5*q + 0*q - 250 = a*k, -t = -4*k. What is the greatest common factor of 18 and q?
18
Let w(k) = k**3 + k**2 - 39*k - 50. Let n be w(-6). Calculate the highest common factor of 204 and n.
4
Let s(z) = 2*z**2 + 4*z**2 + 5*z - 4*z**2 + 1. Let c be s(-4). Calculate the greatest common divisor of 117 and c.
13
Suppose 0 = 2*b + j - 39, -76*j + 77*j - 73 = -4*b. Calculate the greatest common factor of 17 and b.
17
Let r = -77 + 80. What is the highest common factor of 7 and r?
1
Let a = -45 + 47. Suppose -3*z + 6 = -z, 3*z + 75 = a*x. What is the highest common factor of 378 and x?
42
Let c be 4 - 0/((-15)/(-3)). Suppose 5 = 2*h + k, 0 = -c*h - 5*k + 16 - 3. What is the highest common divisor of h and 4?
2
Suppose -335 + 26 = -o. Let l = -205 + o. Calculate the greatest common divisor of 8 and l.
8
Suppose 3*n = -5*n + 3968. Calculate the greatest common divisor of 32 and n.
16
Let y(r) = -3*r - r + 0*r + 3*r - 4. Let o be y(-4). Suppose -4*k = 5*f - 17, -3*f = -o*f - k. What is the greatest common factor of f and 6?
1
Let u = 3 - -1. Suppose u*o - 88 = -2*s, -4*s + 96 = 4*o - 0*s. Suppose -2*k - 4*k = -1320. Calculate the greatest common factor of o and k.
20
Let c(j) be the second derivative of 2*j + 1/2*j**3 + 0*j**2 + 19/12*j**4 + 0. Let h be c(-2). What is the greatest common divisor of 28 and h?
14
Suppose -144 = -4*p + 272. What is the greatest common divisor of p and 520?
104
Let d(f) = f**3 + 15*f**2 - 15*f + 6. Let j be d(-16). Let p be 396/55*j/(-4). What is the highest common factor of 18 and p?
18
Let g(f) = f**3 - 6*f**2 + 8*f - 5. Let p be g(5). Calculate the highest common factor of 135 and p.
5
Let h be (819/(-3))/1*-1. Let c = 101 + -62. Calculate the greatest common divisor of h and c.
39
Let p = 304 + -1256. Let f be (1 - -2)*p/(-24). Calculate the greatest common factor of 17 and f.
17
Let y(g) = 2*g + 13. Let t be y(9). Suppose 26*s - t*s = -100. Calculate the highest common factor of s and 50.
10
Let f = 16 - 20. Let w be (-4)/(-8)*f + 365. Calculate the highest common divisor of w and 33.
33
Let m = 346 + -323. Calculate the greatest common factor of 506 and m.
23
Suppose -4*o + 6*t + 68 = 2*t, -2*o = -3*t - 39. Let z = o - 10. Suppose 5*p - z*c = 7, 4*p + 3*c - 4 = 5*c. Calculate the highest common divisor of p and 33.
3
Let i be 6/(-75) - (-1254)/50. Let l be 25 + -1 + (0 - -1). What is the greatest common factor of i and l?
25
Suppose 2*z + 5*h = 39, 2*z + h - 42 = -h. What is the highest common factor of z and 2?
2
Suppose -113 = -3*f - 4*s, 15*f - s = 16*f - 38. What is the highest common divisor of f and 13?
13
Suppose 20*s = 19*s - 3*n + 26, -136 = -4*s + 4*n. What is the highest common divisor of 160 and s?
32
Let h = -704 - -893. Suppose -10*t + 5*t = -105. What is the highest common divisor of h and t?
21
Let m be 15 + -12 + (-2)/2. Let g = 2 - m. Suppose -3*u - 2*z + 305 = g, -u + z = -27 - 68. Calculate the greatest common divisor of u and 9.
9
Suppose -4*d = 4*z - 72, 3*z = 5*d - 19 - 47. Let h = -8 + 17. Suppose h*f - 8*f = 5. What is the highest common factor of d and f?
5
Let g = -1092 + 1983. What is the highest common divisor of g and 11?
11
Let v(h) = -14*h - 218. Let o be v(-17). What is the greatest common factor of o and 60?
20
Let m(q) = 0 + 36*q - 5 - 36*q + q**2. Let z be m(-5). What is the greatest common factor of 5 and z?
5
Suppose -2*l = -5*p + 2*p - 133, 0 = 4*p + 12. Calculate the greatest common divisor of l and 124.
62
Suppose 2*y - 11*u = -16*u + 48, 48 = 2*y - u. Calculate the greatest common divisor of 102 and y.
6
Suppose 0 = 4*i + 12, -6 = 3*a - 0*a + 3*i. Let g be (13/4)/(34/32 - a). What is the highest common divisor of g and 13?
13
Suppose 0*g + g - 16 = 0. Let m = 2305 - 1640. Suppose 11*b = 919 + m. Calculate the greatest common divisor of b and g.
16
Let m(r) = 3 + 2 + 0*r - r. Suppose 0*k = -5*k + 5*q - 10, 4*q = -4*k - 24. Let f be m(k). Calculate the highest common divisor of f and 63.
9
Let i = -323 + 507. Let b(a) = -24*a - 1. Let h be b(-1). Calculate the highest common factor of h and i.
23
Suppose 5*d - i + 1700 = 0, -2*d + 2*i + 2*i = 662. Let r = d + 611. What is the greatest common factor of 108 and r?
54
Suppose 124 = 2*h + 2*h. Let n be (-1 + 2)/(3*(-5)/(-915)). Let y = n - h. Calculate the highest common divisor of 15 and y.
15
Let j(m) = -m**2 + 5*m + 3*m - 2*m. Let k be j(9). Let t be 6/k - 94/(-18). What is the greatest common divisor of t and 1?
1
Suppose 0 = -5*u - 3*v - 15, v = 3*u - 0*v + 23. Let h be (-76)/(-12) - (-2)/u. Calculate the highest common divisor of 6 and h.
6
Suppose -w = 0, -4*x - 11 + 107 = 5*w. Let v be 24*(0 - (-4)/6). What is the highest common factor of x and v?
8
Let p be 45/(-30) + (-237)/2. Let i = p - -174. Calculate the greatest common factor of 18 and i.
18
Let j(q) = -q**3 - 14*q**2 - 12*q + 16. Let b be j(-13). Suppose h = b*u + 4, -3*h - 4*u = -3*u - 2. Calculate the greatest common factor of 1 and h.
1
Let z be 0*(0 - (1 - 2)). Let v be (16/(-12))/((-4)/156). Suppose z*k + v = 2*k. Calculate the greatest common divisor of 286 and k.
26
Suppose 3419 = 9*o - 955. Calculate the highest common divisor of 18 and o.
18
Suppose 2 = -a, 0*n + 2*n + 5*a = -10. Let c = n + 30. Suppose 5*v - 109 = -3*u + 6*u, 2*u + 106 = 5*v. Calculate the highest common factor of v and c.
10
Let i = -547 - -1207. What is the highest common factor of 60 and i?
60
Let a(j) = -j - 2. Let w be a(0). Let r = w - -6. Suppose 3*m - 195 = -4*x, -r*m - 4*x = x - 260. Calculate the greatest common divisor of 26 and m.
13
Let k(a) = 72*a**2 - 3 - 11 + 10 + 2*a - 4*a. Let l be k(-2). Calculate the highest common factor of 36 and l.
36
Let h(g) = -g**2 + 12*g. Let d be h(10). Let j = -1989 + 1997. Calculate the greatest common factor of d and j.
4
Let u(q) = 9*q - 5. Let f be (6/(-15))/((-2)/10). Suppose -l - f*l = -6. Let g be u(l). Calculate the greatest common factor of g and 13.
13
Suppose 2*i - 21 + 3 = 0. Let g = i + -2. Let r be (2/(-1) + 1)*-49. What is the greatest common divisor of g and r?
7
Suppose -5*r + 775 = 760. What is the greatest common factor of 67 and r?
1
Let j be -4 - (9522/(-39) - 2/(-13)). What is the highest common factor of 48 and j?
48
Let f(j) = -j**2 + 6*j + 7. Let o be (-2 + -1)*91/(-39). Let g be f(o). Suppose -5*y + g*y + 25 = 0. Calculate the highest common divisor of y and 45.
5
Suppose 4*t - 187 = -6*i + 3*i, -4*t - 333 = -5*i. Calculate the highest common divisor of 5 and i.
5
Suppose 2*j + 5 = 13. Let k be (j/10)/((-21)/(-1155)). What is the greatest common factor of 33 and k?
11
Suppose 0 = s - 0*s + 19. Let l be 5/20*-42 - 1/(-2). Let i = l - s. What is the highest common factor of 99 and i?
9
Let i(q) = 2*q**2 + 46*q - 27. Let c be i(-24). Suppose v = 5*